{"id":166,"date":"2015-12-14T10:00:32","date_gmt":"2015-12-14T10:00:32","guid":{"rendered":"http:\/\/kloe.select-themes.com\/?page_id=166"},"modified":"2024-08-03T11:24:18","modified_gmt":"2024-08-03T11:24:18","slug":"contact-us","status":"publish","type":"page","link":"https:\/\/www.meta-tex.hu\/hu\/contact-us\/","title":{"rendered":"Kapcsolat"},"content":{"rendered":"<div class=\"wpb-content-wrapper\"><p>[vc_row content_width=&#8221;grid&#8221; css=&#8221;.vc_custom_1450089820124{padding-top: 64px !important;padding-bottom: 67px !important;}&#8221;][vc_column width=&#8221;1\/3&#8243; offset=&#8221;vc_col-md-4&#8243;][vc_column_text]<\/p>\n<h6>\u00dczem \u00e9s iroda<\/h6>\n<p>[\/vc_column_text][vc_empty_space height=&#8221;4px&#8221;][vc_column_text]<\/p>\n<h2>Itt tal\u00e1l Benn\u00fcnket<\/h2>\n<p>[\/vc_column_text][vc_empty_space height=&#8221;40px&#8221;][\/vc_column][vc_column width=&#8221;2\/3&#8243; offset=&#8221;vc_col-md-4&#8243;][vc_column_text]2234 Magl\u00f3d, F\u0151 utca 104.<\/p>\n<p>E-Mail: <a href=\"mailto:meta-tex@meta-tex.hu\">meta-tex@meta-tex.hu<\/a><\/p>\n<p>Telefon: +36 (70) 320 5514[\/vc_column_text][vc_empty_space height=&#8221;40px&#8221;][\/vc_column][\/vc_row][vc_row content_width=&#8221;grid&#8221; css=&#8221;.vc_custom_1450090640162{padding-top: 71px !important;padding-bottom: 44px !important;background-color: #f7f7f7 !important;}&#8221;][vc_column offset=&#8221;vc_col-md-4&#8243;][vc_column_text]<\/p>\n<h6>Kapcsolatfelv\u00e9tel<\/h6>\n<p>[\/vc_column_text][vc_empty_space height=&#8221;6px&#8221;][vc_column_text]<\/p>\n<h2>\u00cdrjon \u00fczenetet<\/h2>\n<p>[\/vc_column_text][vc_empty_space height=&#8221;19px&#8221;][vc_column_text]V\u00e1laszunkat a lehet\u0151 leghamarabb elk\u00fcldj\u00fck \u00d6nnek![\/vc_column_text][vc_empty_space height=&#8221;34px&#8221;][vc_empty_space height=&#8221;40px&#8221;][\/vc_column][vc_column offset=&#8221;vc_col-md-8&#8243;][vc_empty_space height=&#8221;1px&#8221;][vc_row_inner content_aligment=&#8221;right&#8221;][vc_column_inner][contact-form-7 id=&#8221;44&#8243;][vc_empty_space height=&#8221;40px&#8221;][\/vc_column_inner][\/vc_row_inner][\/vc_column][\/vc_row][vc_row][vc_column]<div class=\"qodef-google-map-holder\">\n\t<div class=\"qodef-google-map\" id=\"qodef-map-2600390\" data-addresses='[\"2234 Magl\u00f3d, Hungary, F\u0151 street 104.\"]' data-custom-map-style=true data-color-overlay=#e5bf87 data-saturation=-50 data-lightness=0 data-zoom=16 data-pin=https:\/\/www.meta-tex.hu\/new\/wp-content\/uploads\/2018\/10\/1000px-Google_Maps_pin.svg_-2.png data-unique-id=2600390 data-scroll-wheel=false data-height=408><\/div>\n\t\t\t<div class=\"qodef-google-map-overlay\"><\/div>\n\t<\/div>\n[\/vc_column][\/vc_row]<\/p>\n<\/div>","protected":false},"excerpt":{"rendered":"<p>[vc_row content_width=&#8221;grid&#8221; css=&#8221;.vc_custom_1450089820124{padding-top: 64px !important;padding-bottom: 67px !important;}&#8221;][vc_column width=&#8221;1\/3&#8243; offset=&#8221;vc_col-md-4&#8243;][vc_column_text] \u00dczem \u00e9s iroda [\/vc_column_text][vc_empty_space height=&#8221;4px&#8221;][vc_column_text] Itt tal\u00e1l Benn\u00fcnket [\/vc_column_text][vc_empty_space height=&#8221;40px&#8221;][\/vc_column][vc_column width=&#8221;2\/3&#8243; offset=&#8221;vc_col-md-4&#8243;][vc_column_text]2234 Magl\u00f3d, F\u0151 utca 104. E-Mail: meta-tex@meta-tex.hu Telefon: +36 (70) 320 5514[\/vc_column_text][vc_empty_space height=&#8221;40px&#8221;][\/vc_column][\/vc_row][vc_row content_width=&#8221;grid&#8221; css=&#8221;.vc_custom_1450090640162{padding-top: 71px !important;padding-bottom: 44px !important;background-color: #f7f7f7 !important;}&#8221;][vc_column offset=&#8221;vc_col-md-4&#8243;][vc_column_text] Kapcsolatfelv\u00e9tel [\/vc_column_text][vc_empty_space height=&#8221;6px&#8221;][vc_column_text]&#8230;<\/p>\n","protected":false},"author":1,"featured_media":0,"parent":0,"menu_order":0,"comment_status":"closed","ping_status":"closed","template":"full-width.php","meta":{"footnotes":""},"class_list":["post-166","page","type-page","status-publish","hentry"],"_links":{"self":[{"href":"https:\/\/www.meta-tex.hu\/hu\/wp-json\/wp\/v2\/pages\/166"}],"collection":[{"href":"https:\/\/www.meta-tex.hu\/hu\/wp-json\/wp\/v2\/pages"}],"about":[{"href":"https:\/\/www.meta-tex.hu\/hu\/wp-json\/wp\/v2\/types\/page"}],"author":[{"embeddable":true,"href":"https:\/\/www.meta-tex.hu\/hu\/wp-json\/wp\/v2\/users\/1"}],"replies":[{"embeddable":true,"href":"https:\/\/www.meta-tex.hu\/hu\/wp-json\/wp\/v2\/comments?post=166"}],"version-history":[{"count":21,"href":"https:\/\/www.meta-tex.hu\/hu\/wp-json\/wp\/v2\/pages\/166\/revisions"}],"predecessor-version":[{"id":4741,"href":"https:\/\/www.meta-tex.hu\/hu\/wp-json\/wp\/v2\/pages\/166\/revisions\/4741"}],"wp:attachment":[{"href":"https:\/\/www.meta-tex.hu\/hu\/wp-json\/wp\/v2\/media?parent=166"}],"curies":[{"name":"wp","href":"https:\/\/api.w.org\/{rel}","templated":true}]}}

<div class="wpb-content-wrapper"><p>[vc_row content_width=&#8221;grid&#8221; css=&#8221;.vc_custom_1450089820124{padding-top: 64px !important;padding-bottom: 67px !important;}&#8221;][vc_column width=&#8221;1/3&#8243; offset=&#8221;vc_col-md-4&#8243;][vc_column_text]</p>
<h6>Üzem és iroda</h6>
<p>[/vc_column_text][vc_empty_space height=&#8221;4px&#8221;][vc_column_text]</p>
<h2>Itt talál Bennünket</h2>
<p>[/vc_column_text][vc_empty_space height=&#8221;40px&#8221;][/vc_column][vc_column width=&#8221;2/3&#8243; offset=&#8221;vc_col-md-4&#8243;][vc_column_text]2234 Maglód, Fő utca 104.</p>
<p>E-Mail: <a href="mailto:meta-tex@meta-tex.hu">meta-tex@meta-tex.hu</a></p>
<p>Telefon: +36 (70) 320 5514[/vc_column_text][vc_empty_space height=&#8221;40px&#8221;][/vc_column][/vc_row][vc_row content_width=&#8221;grid&#8221; css=&#8221;.vc_custom_1450090640162{padding-top: 71px !important;padding-bottom: 44px !important;background-color: #f7f7f7 !important;}&#8221;][vc_column offset=&#8221;vc_col-md-4&#8243;][vc_column_text]</p>
<h6>Kapcsolatfelvétel</h6>
<p>[/vc_column_text][vc_empty_space height=&#8221;6px&#8221;][vc_column_text]</p>
<h2>Írjon üzenetet</h2>
<p>[/vc_column_text][vc_empty_space height=&#8221;19px&#8221;][vc_column_text]Válaszunkat a lehető leghamarabb elküldjük Önnek![/vc_column_text][vc_empty_space height=&#8221;34px&#8221;][vc_empty_space height=&#8221;40px&#8221;][/vc_column][vc_column offset=&#8221;vc_col-md-8&#8243;][vc_empty_space height=&#8221;1px&#8221;][vc_row_inner content_aligment=&#8221;right&#8221;][vc_column_inner][contact-form-7 id=&#8221;44&#8243;][vc_empty_space height=&#8221;40px&#8221;][/vc_column_inner][/vc_row_inner][/vc_column][/vc_row][vc_row][vc_column]<div class="qodef-google-map-holder">
	<div class="qodef-google-map" id="qodef-map-2600390" data-addresses='["2234 Maglód, Hungary, Fő street 104."]' data-custom-map-style=true data-color-overlay=#e5bf87 data-saturation=-50 data-lightness=0 data-zoom=16 data-pin=https://www.meta-tex.hu/new/wp-content/uploads/2018/10/1000px-Google_Maps_pin.svg_-2.png data-unique-id=2600390 data-scroll-wheel=false data-height=408></div>
			<div class="qodef-google-map-overlay"></div>
	</div>
[/vc_column][/vc_row]</p>
</div>

<p>[vc_row content_width=&#8221;grid&#8221; css=&#8221;.vc_custom_1450089820124{padding-top: 64px !important;padding-bottom: 67px !important;}&#8221;][vc_column width=&#8221;1/3&#8243; offset=&#8221;vc_col-md-4&#8243;][vc_column_text] Üzem és iroda [/vc_column_text][vc_empty_space height=&#8221;4px&#8221;][vc_column_text] Itt talál Bennünket [/vc_column_text][vc_empty_space height=&#8221;40px&#8221;][/vc_column][vc_column width=&#8221;2/3&#8243; offset=&#8221;vc_col-md-4&#8243;][vc_column_text]2234 Maglód, Fő utca 104. E-Mail: meta-tex@meta-tex.hu Telefon: +36 (70) 320 5514[/vc_column_text][vc_empty_space height=&#8221;40px&#8221;][/vc_column][/vc_row][vc_row content_width=&#8221;grid&#8221; css=&#8221;.vc_custom_1450090640162{padding-top: 71px !important;padding-bottom: 44px !important;background-color: #f7f7f7 !important;}&#8221;][vc_column offset=&#8221;vc_col-md-4&#8243;][vc_column_text] Kapcsolatfelvétel [/vc_column_text][vc_empty_space height=&#8221;6px&#8221;][vc_column_text]&#8230;</p>
